= 9*p - 352. Calculate the remainder when p is divided by 13.
10
Let v = -63 - -170. Suppose 5*r - 7 = y + v, -5*r + 118 = -2*y. Calculate the remainder when r is divided by 8.
6
Let x(i) = 11*i - 3. Calculate the remainder when x(2) is divided by 10.
9
Suppose -5*q = 0, q - 4*q - 28 = -4*g. Let h(m) = m**2 - 6*m + 7. What is the remainder when 53 is divided by h(g)?
11
Let x = 11 + -6. Let s be 2/3 - 236/(-6). Suppose r - s = -4*n, -3*r - 2 = -n - x. Calculate the remainder when n is divided by 5.
4
Suppose 19 = -b - 4*a + 5, 5*a = 2*b - 24. Calculate the remainder when 4 is divided by b.
0
Suppose -4*t = -3*d - 20 + 87, 4*d - 4*t = 92. Calculate the remainder when d is divided by 9.
7
Let h(p) = p**3 - 3*p**2 + 11. Calculate the remainder when h(5) is divided by 13.
9
Suppose -34 - 85 = -7*y. Calculate the remainder when y is divided by 11.
6
Suppose 0 = -0*i - i + 4. What is the remainder when (-4)/6 - (-46)/6 is divided by i?
3
Let g = 128 - 87. What is the remainder when g is divided by (-1 - 2)/(-3) + 20?
20
Let y(n) = 23*n**3 - n + 2. Calculate the remainder when y(1) is divided by 5.
4
Let m = 7 + -3. Let v be m/26 + 2/(-13). Suppose -3*g + 4*r = r - 54, v = 5*g - 4*r - 95. What is the remainder when g is divided by 6?
5
Suppose 0*b = b. Suppose 41 = -0*f + 4*f - u, b = 2*f - 5*u - 43. What is the remainder when (-234)/(-14) + 2*(-5)/(-35) is divided by f?
8
Let s(n) = -8*n - 30. What is the remainder when 129 is divided by s(-7)?
25
Let l = 89 + -22. What is the remainder when l is divided by 35?
32
Let l(a) = a**3 + 22. What is the remainder when l(0) is divided by 13?
9
Let l(b) = -5*b - 3 + 4 - 22*b - 9*b. What is the remainder when l(-1) is divided by 10?
7
Suppose 3*c + 0*c - 6 = 0. Suppose -f + 3*x + 18 = 0, -7*x - 5 = -6*x. Calculate the remainder when f is divided by c.
1
Let f = -6 - -13. Suppose -17 + 45 = 5*v - 2*h, -4*v - 5*h + 29 = 0. Suppose -t + v = t. What is the remainder when f is divided by t?
1
Let p = 8 + -4. Let x = 7 + -5. Suppose p*w - 6 = x. Calculate the remainder when 5 is divided by w.
1
Suppose -4*d - 2*c = -8, -3*c + 2*c = 0. Suppose s - 6 = h - 2*h, 3*h = -d*s + 16. What is the remainder when 6 is divided by h?
2
Let q = 82 + -57. Calculate the remainder when 49 is divided by q.
24
Calculate the remainder when 63 is divided by 20 + ((-3)/1 - -5).
19
Let l(v) be the second derivative of v**4/12 + v**3 + v**2 + v. Suppose 26*r - 7*r - 494 = 0. Calculate the remainder when r is divided by l(-7).
8
Let u = -14 - -23. Let c(p) = -p**3 - p - 8. Let b be c(u). What is the remainder when (-2)/12 - b/12 is divided by 16?
14
Suppose 3*z + 2*j - 47 = -0*j, 0 = -5*z - 4*j + 79. Suppose 0 = -2*m - 0 + 2. Let p(f) = 9*f**3 - 2*f**2 + f. Calculate the remainder when z is divided by p(m).
7
Let x(y) = -3*y + 15. Let z = -1 - -2. What is the remainder when x(4) is divided by z?
0
Suppose -2*m + 2 = 3*c - 5*c, -c - 5*m = -17. Let w be c/(-6) + 3/9. Suppose w = -3*v - 2*v + 85. Calculate the remainder when v is divided by 9.
8
Suppose 4*i = -0*i + 28. What is the remainder when i is divided by 2?
1
Suppose 0 = -3*w + 10 - 1. Calculate the remainder when (-6)/(-9) + 13/w is divided by 2.
1
Let y = -11 - -5. Calculate the remainder when 4/y*-9 - -2 is divided by 5.
3
Let q = -3 - -15. Let w = q - -2. What is the remainder when 4/(-6)*(-123)/2 is divided by w?
13
Let q = 82 - -5. Let b = 58 - 36. Calculate the remainder when q is divided by b.
21
Suppose 0*z - 2*z + 3*p = -10, 5*z + 3*p = 25. Suppose -z*t + 64 = -4*t + 5*i, t - 2*i = 57. Let m = t + -37. What is the remainder when 43 is divided by m?
21
Suppose 4*r = 3*r - 2*s + 11, -5*s - 100 = -5*r. Suppose -4*z + 162 + 26 = 0. Calculate the remainder when z is divided by r.
13
What is the remainder when 12/(-30) + 124/10 is divided by 7?
5
Let y(l) = l**2 - 3*l - 5. Calculate the remainder when 45 is divided by y(-4).
22
Let u(n) = 4*n**2 - 10. Calculate the remainder when 75 is divided by u(-3).
23
Let u(a) = -5 - 12*a**2 + 11*a**2 + 6. Let v be u(1). Suppose v = -5*f - 9 + 89. What is the remainder when 61 is divided by f?
13
Let q(h) = 2 + h + 2 - 2*h - h. What is the remainder when 29 is divided by q(-3)?
9
Suppose 0 = -3*j, 0 = 2*k + 3*j - 72 + 6. Calculate the remainder when k is divided by 4.
1
Let x(l) = l**2 + 9*l + 12. Suppose 0 = t + 2*k, 0 = 6*t - 5*t - 2*k + 20. Let q = 1 + t. What is the remainder when x(q) is divided by 7?
5
Let d(i) = -i**3 + 3*i**2 + 3*i - 2. Let k be d(4). Let a(j) = -3*j - 2. Let b = 20 - 14. Calculate the remainder when a(k) is divided by b.
4
What is the remainder when (-8)/3*(-6)/4 is divided by 3?
1
Suppose 3*c + 45 = -0*c. What is the remainder when (-48)/c*(-1 + 6) is divided by (-2 - 4)/(-5 - -4)?
4
Let j = -22 + 49. Let w = -4 - -11. Calculate the remainder when j is divided by w.
6
Let l(s) = 5*s - 2 - 4*s - 4. Suppose -d + 0*d - 4*a + 3 = 0, -3*d + 9 = -3*a. Calculate the remainder when d is divided by l(8).
1
Let z(h) = -h**3 + 3*h + 2. Let a be z(-3). What is the remainder when 15 is divided by (-2)/5*a*-1?
7
Suppose 7 = n - 4. Suppose -9 = -5*k + 291. Suppose v = -v + k. What is the remainder when v is divided by n?
8
Let r = -22 - -39. Suppose r = s - 3. What is the remainder when 39 is divided by s?
19
Let g(l) = l**3 - 8*l**2. Let q be g(8). Suppose 4*d + z - 86 = q, 0*z + 2*z + 26 = d. Calculate the remainder when d is divided by 8.
6
Let i = 10 - 5. Suppose i*r + 5*z = -15, 2*r - 6 = 3*z - 2. What is the remainder when 178/8 + r/4 is divided by 8?
6
Let a(v) = -1 + 13*v - v**2 + 0 - 4*v + 6. Calculate the remainder when 8/6*171/6 is divided by a(8).
12
Suppose 4*n - 15 = -3. Let q be (3/2 - 1)*-6. Let i = q + 8. What is the remainder when i is divided by n?
2
Let o = 13 + 6. Let n(t) = -t**2 + t + 1. Let u(w) = 2*w - 4. Let k(i) = -n(i) - u(i). What is the remainder when o is divided by k(4)?
5
Calculate the remainder when -3*(-4 + 26/(-6)) is divided by 7.
4
Suppose -5*s + 24 = y, -5*s = 2*y - 0*y - 28. Let p(t) = t**2 - 2*t + 1. Let a be p(1). Suppose m + a - 6 = 0. What is the remainder when m is divided by y?
2
Suppose 0 = 2*f + 2*f - 200. Let n be (0 + 1)/((-5)/(-25)). Suppose -4*t - n*d + 13 + 35 = 0, 21 = t - d. Calculate the remainder when f is divided by t.
16
Suppose 3*u = -4*s - 12, 0 = 4*u - u - s - 3. Let q(l) = l**3 + l**2 + l + 42. Calculate the remainder when q(u) is divided by 15.
12
Let r = -5 - -7. Suppose -3*d + 3*a - 45 = a, -3*d = r*a + 45. Let v = -7 - d. What is the remainder when 31 is divided by v?
7
Let o be -5*(3/(-5) + 0). Suppose z - 4 = 0, 2*g - o*z = 6 + 8. What is the remainder when (4/3)/(2/36) is divided by g?
11
Suppose 4*n + 55 = a, n = -6 + 1. Let d(m) = 2*m**2 + 7*m + 5. What is the remainder when a is divided by d(-4)?
8
Let s be (-5)/(-2) - 2/(-4). Suppose -2*j = s*j - 10. Suppose 0 = 3*n - j*p - 40, -3*n - p = -6*p - 28. What is the remainder when 46 is divided by n?
14
Suppose 0 = 3*w - 2*w + 52. Calculate the remainder when 9 is divided by 8/36 + w/(-9).
3
Let o = -6 + 12. Calculate the remainder when 7 is divided by 1*o*6/12.
1
Let l = 7 - 7. Let v(f) = f**2 + 2. Let k be v(l). What is the remainder when 16 is divided by (1 - -17)/(4/k)?
7
Suppose 2*x = -0*x + 92. Let g(o) = -12*o - 4. Let h be g(-3). Let j = x - h. What is the remainder when 26 is divided by j?
12
Let a(u) = -u**3 - 8*u**2 - 2*u - 7. Calculate the remainder when 30 is divided by a(-8).
3
Let c(m) = 3*m + 8. Let x be c(-7). Let f = x - -33. Suppose 5*d + 25 + 1 = 3*t, 2 = -2*d. Calculate the remainder when f is divided by t.
6
Let q(f) = 60*f**2 - 3*f - 2. Calculate the remainder when q(-1) is divided by 42/3 - (-6)/3.
13
Let d be (6/(-8))/((-3)/648). Suppose 2*r = -t - 93, -3*r = -t - 2*t + d. Let j = -27 - r. What is the remainder when j is divided by 12?
10
Let j(q) = -q**3 + 9*q**2 + 12. Suppose 5*n - 204 = -5*l - 19, n = -4*l + 43. What is the remainder when n is divided by j(9)?
11
Let h = 77 - 50. What is the remainder when h is divided by 10?
7
Let q = -48 - -70. Calculate the remainder when 84 is divided by q.
18
Suppose t = -4*l + l + 47, 0 = t - l - 47. What is the remainder when t is divided by 17?
13
Calculate the remainder when 2/(-4)*-66 + 0 is divided by 18.
15
Let d = 69 - 10. Calculate 